{"id":266,"date":"2020-11-27T15:38:44","date_gmt":"2020-11-27T15:38:44","guid":{"rendered":"https:\/\/corequimicas.com.mx\/?post_type=product&#038;p=266"},"modified":"2020-11-27T15:41:07","modified_gmt":"2020-11-27T15:41:07","slug":"cm-200-wienier-lab","status":"publish","type":"product","link":"https:\/\/corequimicas.com.mx\/index.php\/producto\/cm-200-wienier-lab\/","title":{"rendered":"CM 200-Wienier lab"},"content":{"rendered":"<hr \/>\n<p><span style=\"color: #000000;\"><strong>CARACTER\u00cdSTICAS T\u00c9CNICAS<\/strong><\/span><\/p>\n<p><span style=\"color: #000000;\"><strong>Velocidad:<\/strong><\/span><\/p>\n<ul>\n<li><span style=\"color: #000000;\">Hasta 230 tests\/hora<\/span><\/li>\n<\/ul>\n<p><span style=\"color: #000000;\"><strong>Pipeteo:<\/strong><\/span><\/p>\n<ul>\n<li><span style=\"color: #000000;\">Brazo de reactivos termostatizado<\/span><\/li>\n<li><span style=\"color: #000000;\">Sensor capacitivo de nivel l\u00edquido<\/span><\/li>\n<li><span style=\"color: #000000;\">Sistema de lavado interno y externo de la aguja<\/span><\/li>\n<li><span style=\"color: #000000;\">Sensor de choque<\/span><\/li>\n<li><span style=\"color: #000000;\">Sistema dilutor de v\u00e1lvula<\/span><\/li>\n<\/ul>\n<p><span style=\"color: #000000;\"><strong>Reactivos:<\/strong><\/span><\/p>\n<ul>\n<li><span style=\"color: #000000;\">48 posiciones disponibles para reactivos<\/span><\/li>\n<li><span style=\"color: #000000;\">Viales de 20,30 y 50 mL<\/span><\/li>\n<li><span style=\"color: #000000;\">Volumen de reactivo programable:<\/span><br \/>\n<span style=\"color: #000000;\">\u2013 Reactivo: 1: 0 \u2013 700 \u00b5L<\/span><br \/>\n<span style=\"color: #000000;\">\u2013 Reactivo: 2: 0 \u2013 450 \u00b5L<\/span><\/li>\n<li><span style=\"color: #000000;\">Volumen t\u00edpico de reactivo: 200 \u00b5L\u200b<\/span><\/li>\n<\/ul>\n<p><span style=\"color: #000000;\"><strong>Muestras:<\/strong><\/span><\/p>\n<ul>\n<li><span style=\"color: #000000;\">48 posiciones disponibles<\/span><\/li>\n<li><span style=\"color: #000000;\">Posibilidad de utilizar tubos primarios o copas de muestra<\/span><\/li>\n<li><span style=\"color: #000000;\">Volumen de muestra: 2 \u2013 100 \u00b5L<\/span><\/li>\n<li><span style=\"color: #000000;\">Carga continua<\/span><\/li>\n<li><span style=\"color: #000000;\">Lector de c\u00f3digo de barras (opcional)<\/span><\/li>\n<\/ul>\n<p><span style=\"color: #000000;\"><strong>Consumo de agua:<\/strong><\/span><\/p>\n<ul>\n<li><span style=\"color: #000000;\">menos de 1 L\/h<\/span><\/li>\n<\/ul>\n<p><span style=\"color: #000000;\"><strong>Bandeja de reacci\u00f3n:<\/strong><\/span><\/p>\n<ul>\n<li><span style=\"color: #000000;\">80 cubetas de 0,6 cm de paso de luz<\/span><\/li>\n<li><span style=\"color: #000000;\">Incubaci\u00f3n por aire precalentado (30 y 37 \u00baC)<\/span><\/li>\n<li><span style=\"color: #000000;\">Bandeja de reacci\u00f3n extra, intercambiable\u200b<\/span><\/li>\n<\/ul>\n<p><span style=\"color: #000000;\"><strong>Sistema \u00f3ptico:<\/strong><\/span><\/p>\n<ul>\n<li><span style=\"color: #000000;\">Fot\u00f3metro doble haz<\/span><\/li>\n<li><span style=\"color: #000000;\">Filtros de interferencia: 340, 405, 505, 550, 570, 590, 650, 700 y 767 nm<\/span><\/li>\n<li><span style=\"color: #000000;\">Ancho de banda: 10 nm<\/span><\/li>\n<li><span style=\"color: #000000;\">Rango fotom\u00e9trico: -0,1 \u2013 3,5 Abs. (normalizado a 1 cm de camino \u00f3ptico)<\/span><\/li>\n<li><span style=\"color: #000000;\">L\u00e1mpara hal\u00f3gena 6 V \u2013 20 W<\/span><\/li>\n<\/ul>\n<p><span style=\"color: #000000;\"><strong>Modo de an\u00e1lisis:<\/strong><\/span><\/p>\n<ul>\n<li><span style=\"color: #000000;\">Punto final con blanco de muestra o con blanco de reactivo.<\/span><\/li>\n<li><span style=\"color: #000000;\">Cin\u00e9tica de uno y dos puntos.<\/span><\/li>\n<li><span style=\"color: #000000;\">Turbidimetr\u00eda<\/span><\/li>\n<li><span style=\"color: #000000;\">Factor, est\u00e1ndar o curva de calibraci\u00f3n.<\/span><\/li>\n<li><span style=\"color: #000000;\">Rutina, urgencias, perfiles.<\/span><\/li>\n<li><span style=\"color: #000000;\">Diluci\u00f3n autom\u00e1tica de muestras patol\u00f3gicas o por consumo de sustrato.<\/span><\/li>\n<li><span style=\"color: #000000;\">Pre-diluci\u00f3n de muestras en caso de que el m\u00e9todo lo requiera.<\/span><\/li>\n<li><span style=\"color: #000000;\">Control de calidad: gr\u00e1ficos de Levy-Jennings. Reglas de Westgard.<\/span><\/li>\n<\/ul>\n<p><span style=\"color: #000000;\"><strong>Manejo de datos:<\/strong><\/span><\/p>\n<ul>\n<li><span style=\"color: #000000;\">PC e impresora externa<\/span><\/li>\n<li><span style=\"color: #000000;\">Importaci\u00f3n \/ exportaci\u00f3n de datos, m\u00e9todos y resultados<\/span><\/li>\n<li><span style=\"color: #000000;\">Software compatible con Windows 10 (64 bits)<\/span><\/li>\n<li><span style=\"color: #000000;\">Backup autom\u00e1tico<\/span><\/li>\n<li><span style=\"color: #000000;\">Dos puertos USB disponibles<\/span><\/li>\n<\/ul>\n<p><span style=\"color: #000000;\"><strong>Comunicaci\u00f3n:<\/strong><\/span><\/p>\n<ul>\n<li><span style=\"color: #000000;\">Comunicaci\u00f3n est\u00e1ndar con puerto serie de acuerdo a protocolo ASTM 1394<\/span><\/li>\n<\/ul>\n<p><span style=\"color: #000000;\"><strong>Requerimientos de instalaci\u00f3n:<\/strong><\/span><\/p>\n<ul>\n<li><span style=\"color: #000000;\">Alimentaci\u00f3n: 85 a 240 VAC, 43\/65 HZ, 400 VA con ajuste autom\u00e1tico<\/span><\/li>\n<li><span style=\"color: #000000;\">Temperatura ambiente 15-35\u02daC \u2013 humedad relativa &lt;80% \u2013 presi\u00f3n 750 \u2013 1060 Hpa\u200b<\/span><\/li>\n<\/ul>\n<p><span style=\"color: #000000;\"><strong>Dimensiones:<\/strong><\/span><\/p>\n<ul>\n<li><span style=\"color: #000000;\">Ancho 80 cm, alto 48 cm, profundidad 57 cm<\/span><\/li>\n<\/ul>\n<p><span style=\"color: #000000;\"><strong>Peso:<\/strong><\/span><\/p>\n<ul>\n<li><span style=\"color: #000000;\">Peso Bruto: 89 Kg<\/span><\/li>\n<li><span style=\"color: #000000;\">\u00a0Peso Neto: 57 Kg\u200b<\/span><\/li>\n<\/ul>\n<p><span style=\"color: #000000;\"><strong>Certificaciones:<\/strong><\/span><\/p>\n<ul>\n<li><span style=\"color: #000000;\">ISO 13485:2016, CE, ANMAT 3266\/13<\/span><\/li>\n<li><span style=\"color: #000000;\">EMC: 61326-2-6-2006<\/span><\/li>\n<li><span style=\"color: #000000;\">ES: 61010-2-101:2002<\/span><\/li>\n<\/ul>\n<hr \/>\n<p>&nbsp;<\/p>\n","protected":false},"excerpt":{"rendered":"<hr \/>\n<p><span style=\"color: #000000;\"><strong>CM200 es un analizador cl\u00ednico random access de \u00faltima generaci\u00f3n, que trabaja con un software integralmente desarrollado para Windows XP\u00ae<\/strong><\/span><\/p>\n<hr \/>\n<p>&nbsp;<\/p>\n","protected":false},"featured_media":267,"comment_status":"open","ping_status":"closed","template":"","meta":[],"_links":{"self":[{"href":"https:\/\/corequimicas.com.mx\/index.php\/wp-json\/wp\/v2\/product\/266"}],"collection":[{"href":"https:\/\/corequimicas.com.mx\/index.php\/wp-json\/wp\/v2\/product"}],"about":[{"href":"https:\/\/corequimicas.com.mx\/index.php\/wp-json\/wp\/v2\/types\/product"}],"replies":[{"embeddable":true,"href":"https:\/\/corequimicas.com.mx\/index.php\/wp-json\/wp\/v2\/comments?post=266"}],"wp:featuredmedia":[{"embeddable":true,"href":"https:\/\/corequimicas.com.mx\/index.php\/wp-json\/wp\/v2\/media\/267"}],"wp:attachment":[{"href":"https:\/\/corequimicas.com.mx\/index.php\/wp-json\/wp\/v2\/media?parent=266"}],"curies":[{"name":"wp","href":"https:\/\/api.w.org\/{rel}","templated":true}]}}