{"id":327,"date":"2020-12-01T16:27:06","date_gmt":"2020-12-01T16:27:06","guid":{"rendered":"https:\/\/corequimicas.com.mx\/?post_type=product&#038;p=327"},"modified":"2020-12-01T16:27:10","modified_gmt":"2020-12-01T16:27:10","slug":"tubo-microtainer-pst","status":"publish","type":"product","link":"https:\/\/corequimicas.com.mx\/index.php\/producto\/tubo-microtainer-pst\/","title":{"rendered":"Tubo Microtainer\u00ae PST\u2122"},"content":{"rendered":"<hr \/>\n<p>Los tubos BD Microtainer\u00ae para recolecci\u00f3n de sangre est\u00e1n dise\u00f1ados para su f\u00e1cil manejo, adem\u00e1s de ayudar a asegurar la calidad de una muestra de sangre capilar recolectada.<\/p>\n<p>El amplio di\u00e1metro (8mm) de los tubos BD Microtainer\u00ae con tap\u00f3n Microgard\u2122 cuenta con los beneficios de una cuchara integrada y una mejor capacidad de homogenizaci\u00f3n.<\/p>\n<p>Todas las ventajas de las caracter\u00edsticas de los tubos de microrecolecci\u00f3n BD Microtainer\u00ae\u00a0est\u00e1n disponibles para an\u00e1lisis de hematolog\u00eda y\u00a0qu\u00edmica, y su c\u00f3digo de colores concuerda con\u00a0el c\u00f3digo de los tubos BD Vacutainer\u00ae al vac\u00edo para recolecci\u00f3n de muestras sangu\u00edneas.<\/p>\n<p><strong>Tap\u00f3n Microgard\u2122<\/strong><\/p>\n<ul>\n<li>Permite un cierre seguro evitando el riesgo de salpicadura.<\/li>\n<li>Se escuchar\u00e1 un \u201cclick\u201d que indicar\u00e1 que el tap\u00f3n se encuentra correctamente colocado sobre el tubo.<\/li>\n<li>C\u00f3digo de color para f\u00e1cil identificaci\u00f3n.<\/li>\n<\/ul>\n<p><strong>Uso previsto<\/strong><\/p>\n<ul>\n<li>Para recolecci\u00f3n, transporte y almacenamiento de muestras de sangre obtenidas por punici\u00f3n capilar para pruebas en las que se usa suero o plasma.<\/li>\n<\/ul>\n<p><strong>Beneficios adicionales<\/strong><\/p>\n<ul>\n<li>N\u00famero de lote, l\u00edneas de llenado y fecha de caducidad en cada tubo. La cantidad de llenado de sangre debe encontrarse dentro del intervalo especificado a fin de asegurar una proporci\u00f3n sangre\/aditivo adecuada para la homogenizaci\u00f3n y la obtenci\u00f3n de resultados precisos.<\/li>\n<li>Se pueden adaptar extensores para aumentar su longitud hasta 75mm, lo cual ayuda a la colocaci\u00f3n de la etiqueta con los datos del paciente, mejora la manipulaci\u00f3n durante la recolecci\u00f3n, su colocaci\u00f3n en las gradillas y su centrifugaci\u00f3n.<\/li>\n<\/ul>\n<hr \/>\n<p>&nbsp;<\/p>\n","protected":false},"excerpt":{"rendered":"<hr \/>\n<ul>\n<li>El\u00a0tubo BD Microtainer\u00ae PST\u2122 contiene la cantidad \u00f3ptima de heparina de litio aplicado por aspersi\u00f3n para anticoagular el volumen especificado de sangre obtenida por punci\u00f3n capilar.<\/li>\n<li>El\u00a0tubo BD Microtainer\u00ae PST\u2122 contiene gel de pol\u00edmero para separar el plasma de las c\u00e9lulas, ayudando a tener una muestra libre de contaminaci\u00f3n por c\u00e9lulas, permitiendo usarlo como tubo primario y facilitando la transferencia del plasma en caso de ser necesario.<\/li>\n<li>Volumen de recolecci\u00f3n de 400 \u2013 600 \u03bcL.<\/li>\n<li>Una homogenizaci\u00f3n adecuada (8 a 10 inversiones) ayuda a mejorar el desempe\u00f1o del tubo BD Microtainer\u00ae PST\u2122.<\/li>\n<li>El tubo BD Microtainer\u00ae PST\u2122 color \u00e1mbar reduce significativamente la transmisi\u00f3n de la luz y se utiliza cuando se requiere protecci\u00f3n para los analitos sensibles a la luz.<\/li>\n<\/ul>\n<hr \/>\n<p>&nbsp;<\/p>\n","protected":false},"featured_media":328,"comment_status":"open","ping_status":"closed","template":"","meta":[],"_links":{"self":[{"href":"https:\/\/corequimicas.com.mx\/index.php\/wp-json\/wp\/v2\/product\/327"}],"collection":[{"href":"https:\/\/corequimicas.com.mx\/index.php\/wp-json\/wp\/v2\/product"}],"about":[{"href":"https:\/\/corequimicas.com.mx\/index.php\/wp-json\/wp\/v2\/types\/product"}],"replies":[{"embeddable":true,"href":"https:\/\/corequimicas.com.mx\/index.php\/wp-json\/wp\/v2\/comments?post=327"}],"wp:featuredmedia":[{"embeddable":true,"href":"https:\/\/corequimicas.com.mx\/index.php\/wp-json\/wp\/v2\/media\/328"}],"wp:attachment":[{"href":"https:\/\/corequimicas.com.mx\/index.php\/wp-json\/wp\/v2\/media?parent=327"}],"curies":[{"name":"wp","href":"https:\/\/api.w.org\/{rel}","templated":true}]}}