{"id":333,"date":"2020-12-01T16:58:55","date_gmt":"2020-12-01T16:58:55","guid":{"rendered":"https:\/\/corequimicas.com.mx\/?post_type=product&#038;p=333"},"modified":"2020-12-01T16:58:58","modified_gmt":"2020-12-01T16:58:58","slug":"tubos-bd-vacutainer-con-edta-k2","status":"publish","type":"product","link":"https:\/\/corequimicas.com.mx\/index.php\/producto\/tubos-bd-vacutainer-con-edta-k2\/","title":{"rendered":"Tubos BD Vacutainer\u00ae con EDTA K2"},"content":{"rendered":"<hr \/>\n<div class=\"row\">\n<div class=\"col-sm-2\"><img src=\"https:\/\/www.bd.com\/assets\/images\/bd-legacy\/blood-and-urine-collection\/thumbnails\/PAS_icons-hemoguard_64x64.jpg\" alt=\"Placeholder\" \/><\/div>\n<div class=\"col-sm-10\">\n<p><strong>Tap\u00f3n Hemogard\u2122<\/strong><\/p>\n<p>Los tapones BD\u00a0Hemogard\u2122 de los tubos BD Vacutainer<sup>\u00ae<\/sup>\u00a0est\u00e1n codificados por color de acuerdo con el aditivo que contiene el tubo y a la norma internacional ISO 6710.<\/p>\n<p>Est\u00e1 constituido por dos partes:<\/p>\n<ul>\n<li>Un \u00a0tap\u00f3n\u00a0interior de goma.<\/li>\n<li>Una tapa\u00a0protectora exterior.<\/li>\n<\/ul>\n<p>El tap\u00f3n de seguridad BD\u00a0Hemogard\u2122 \u00a0es m\u00e1s f\u00e1cil\u00a0de retirar evitando riesgo de salpicadura, adem\u00e1s de \u00a0proteger al usuario del\u00a0contacto o exposici\u00f3n con la sangre\u00a0de los pacientes ocasionada por los derrames.<\/p>\n<\/div>\n<\/div>\n<div class=\"row\">\n<div class=\"col-sm-2\"><img src=\"https:\/\/www.bd.com\/assets\/images\/bd-legacy\/blood-and-urine-collection\/thumbnails\/PAS_icons-conventional_64x64.jpg\" alt=\"Placeholder\" \/><\/div>\n<div class=\"col-sm-10\">\n<p><strong>Tap\u00f3n convencional<\/strong><\/p>\n<p>El tap\u00f3n convencional de hule est\u00e1 codificado por color de acuerdo con el aditivo que contiene y a la norma internacional ISO 6710. Evita derrames de la muestra cuando ha sido recolectada con el sistema cerrado de BD Vacutainer<sup>\u00ae<\/sup>.<\/p>\n<\/div>\n<\/div>\n<div class=\"row\">\n<div class=\"col-sm-2\"><img src=\"https:\/\/www.bd.com\/assets\/images\/bd-legacy\/blood-and-urine-collection\/thumbnails\/PAS_icons-glass_64x64.jpg\" alt=\"Placeholder\" \/><\/div>\n<div class=\"col-sm-10\">\n<p><strong>Vidrio<\/strong><\/p>\n<ul>\n<li>Los tubos BD Vacutainer<sup>\u00ae<\/sup>\u00a0de vidrio fueron los primeros tubos hechos por BD para el diagn\u00f3stico\u00a0<em>in vitro<\/em>\u00a0desde hace m\u00e1s de 60 a\u00f1os.<\/li>\n<li>Los tubos de BD Vacutainer<sup>\u00ae<\/sup>\u00a0de vidrio son de un solo uso, no han sido dise\u00f1ados para ser reutilizados una vez que han contenido muestra sangu\u00ednea, ya que esto puede generar riesgos al personal y errores en las determinaciones.<\/li>\n<\/ul>\n<\/div>\n<\/div>\n<div class=\"row\">\n<div class=\"col-sm-2\"><img loading=\"lazy\" src=\"https:\/\/www.bd.com\/assets\/images\/bd-legacy\/blood-and-urine-collection\/thumbnails\/PAS_icons-plastic_64x64.jpg\" alt=\"Placeholder\" width=\"64\" height=\"64\" \/><\/div>\n<div class=\"col-sm-10\">\n<p><strong>Pl\u00e1stico<\/strong><\/p>\n<ul>\n<li>Debido a las tendencias internacionales de seguridad los tubos BD Vacutainer<sup>\u00ae<\/sup>\u00a0de vidrio evolucionaron a tubos de pl\u00e1stico PET (polietilentereftalato) transparentes, libres de l\u00e1tex y de un solo uso.<\/li>\n<li>Los tubos BD Vacutainer<sup>\u00ae<\/sup>\u00a0de pl\u00e1stico brindan mayor seguridad ya que no se rompen o fracturan durante su manejo.<\/li>\n<li>En caso de ca\u00edda, los tubos BD Vacutainer<sup>\u00ae<\/sup>\u00a0de pl\u00e1stico no se rompen, lo cual evita la exposici\u00f3n del usuario a la sangre y el volumen de muestra permanece \u00edntegro.<\/li>\n<\/ul>\n<hr \/>\n<p>&nbsp;<\/p>\n<\/div>\n<\/div>\n","protected":false},"excerpt":{"rendered":"<hr \/>\n<div class=\"item\">\n<p>Contienen EDTA K2 aplicado por aspersi\u00f3n en las paredes del tubo o EDTAK3 l\u00edquido, ambos para determinaciones en las que se requiere sangre total.<\/p>\n<\/div>\n<hr \/>\n<div class=\"item\">\n<p>Los tubos BD Vacutainer<sup>\u00ae<\/sup>\u00a0con EDTA K2 pueden ser usados en pruebas de rutina de inmunohematolog\u00eda, pruebas de selecci\u00f3n de donadores y pruebas de citometr\u00eda de flujo.<\/p>\n<\/div>\n<hr \/>\n<div class=\"item\">\n<p>Los tubos BD Vacutainer<sup>\u00ae<\/sup>\u00a0con EDTA K2 cuentan con la autorizaci\u00f3n de la FDA(1) para ser utilizados en banco de sangre sin presentar riesgo o alteraciones. Adem\u00e1s el EDTA K2 est\u00e1 recomendado por el Consejo Internacional para la Estandarizaci\u00f3n en Hematolog\u00eda para el conteo de c\u00e9lulas y determinaci\u00f3n de su tama\u00f1o.<\/p>\n<\/div>\n<hr \/>\n<div class=\"item\">\n<p>Con la inversi\u00f3n del tubo de 8 a 10 veces se asegura la homogenizaci\u00f3n del anticoagulante con la sangre, ayudando a prevenir formaci\u00f3n de co\u00e1gulos<\/p>\n<\/div>\n<hr \/>\n<div class=\"item\">\n<p>Algunos cat\u00e1logos cuentan con drenado ajustado al altiplano mexicano, lo cual permite guardar una relaci\u00f3n adecuada aditivo-muestra.<\/p>\n<hr \/>\n<p>&nbsp;<\/p>\n<\/div>\n","protected":false},"featured_media":334,"comment_status":"open","ping_status":"closed","template":"","meta":[],"_links":{"self":[{"href":"https:\/\/corequimicas.com.mx\/index.php\/wp-json\/wp\/v2\/product\/333"}],"collection":[{"href":"https:\/\/corequimicas.com.mx\/index.php\/wp-json\/wp\/v2\/product"}],"about":[{"href":"https:\/\/corequimicas.com.mx\/index.php\/wp-json\/wp\/v2\/types\/product"}],"replies":[{"embeddable":true,"href":"https:\/\/corequimicas.com.mx\/index.php\/wp-json\/wp\/v2\/comments?post=333"}],"wp:featuredmedia":[{"embeddable":true,"href":"https:\/\/corequimicas.com.mx\/index.php\/wp-json\/wp\/v2\/media\/334"}],"wp:attachment":[{"href":"https:\/\/corequimicas.com.mx\/index.php\/wp-json\/wp\/v2\/media?parent=333"}],"curies":[{"name":"wp","href":"https:\/\/api.w.org\/{rel}","templated":true}]}}