{"id":340,"date":"2020-12-01T17:16:34","date_gmt":"2020-12-01T17:16:34","guid":{"rendered":"https:\/\/corequimicas.com.mx\/?post_type=product&#038;p=340"},"modified":"2025-03-08T05:51:38","modified_gmt":"2025-03-08T05:51:38","slug":"bc-2800-mindray","status":"publish","type":"product","link":"https:\/\/corequimicas.com.mx\/index.php\/producto\/bc-2800-mindray\/","title":{"rendered":"BC-2800-Mindray"},"content":{"rendered":"<hr \/>\n<p>Completamente autom\u00e1tico, compacto, flexible y rentable.<br \/>\nDiferencia la poblaci\u00f3n leucocitaria en tres grupos.<br \/>\n19 par\u00e1metros+3 histogramas.<br \/>\nCapacidad: 30 muestras\/hora.<br \/>\nAlmacena hasta 10,000 resultados con histograma.<br \/>\nM\u00e9todo de an\u00e1lisis de HGB libre de cianuro.<br \/>\n3 modos de conteo: Todos los par\u00e1metros,<br \/>\nWBC\/HGB, RBC\/PLT.<br \/>\nImpresora t\u00e9rmica y opci\u00f3n para impresora externa.<br \/>\nAmplia pantalla LCD a color.<\/p>\n<hr \/>\n<p>&nbsp;<\/p>\n","protected":false},"excerpt":{"rendered":"<hr \/>\n<p>BC-2800 es un analizador para hematolog\u00eda compacto y totalmente autom\u00e1tico con 19 par\u00e1metros para los tests CBC y tecnolog\u00eda de micromuestreo. La intuitiva interfaz permite un flujo de trabajo sencillo y eficiente.<\/p>\n<hr \/>\n<p>&nbsp;<\/p>\n","protected":false},"featured_media":341,"comment_status":"open","ping_status":"closed","template":"","meta":[],"_links":{"self":[{"href":"https:\/\/corequimicas.com.mx\/index.php\/wp-json\/wp\/v2\/product\/340"}],"collection":[{"href":"https:\/\/corequimicas.com.mx\/index.php\/wp-json\/wp\/v2\/product"}],"about":[{"href":"https:\/\/corequimicas.com.mx\/index.php\/wp-json\/wp\/v2\/types\/product"}],"replies":[{"embeddable":true,"href":"https:\/\/corequimicas.com.mx\/index.php\/wp-json\/wp\/v2\/comments?post=340"}],"wp:featuredmedia":[{"embeddable":true,"href":"https:\/\/corequimicas.com.mx\/index.php\/wp-json\/wp\/v2\/media\/341"}],"wp:attachment":[{"href":"https:\/\/corequimicas.com.mx\/index.php\/wp-json\/wp\/v2\/media?parent=340"}],"curies":[{"name":"wp","href":"https:\/\/api.w.org\/{rel}","templated":true}]}}