{"id":344,"date":"2020-12-01T17:24:54","date_gmt":"2020-12-01T17:24:54","guid":{"rendered":"https:\/\/corequimicas.com.mx\/?post_type=product&#038;p=344"},"modified":"2020-12-01T17:24:57","modified_gmt":"2020-12-01T17:24:57","slug":"bc-3200-mindray","status":"publish","type":"product","link":"https:\/\/corequimicas.com.mx\/index.php\/producto\/bc-3200-mindray\/","title":{"rendered":"BC-3200-Mindray"},"content":{"rendered":"<hr \/>\n<p>Completamente autom\u00e1tico, compacto, flexible y rentable.<br \/>\nDiferencia la poblaci\u00f3n leucocitaria en tres grupos.<br \/>\n19 par\u00e1metros+3 histogramas.<br \/>\nCapacidad: 60 muestras\/hora.<br \/>\nAlmacena hasta 35,000 resultados incluyendo histogramas.<br \/>\n3 modos de conteo: Todos los par\u00e1metros, WBC\/HGB, RBC\/PLT.<br \/>\nImpresora t\u00e9rmica y opci\u00f3n para impresora externa.<br \/>\nAmplia pantalla LCD a color.<br \/>\nSistema cerrado de muestreo con 4 posiciones.<\/p>\n<hr \/>\n<p>&nbsp;<\/p>\n","protected":false},"excerpt":{"rendered":"<hr \/>\n<p>El BC-3200 es el \u00faltimo e innovador producto con aprobaci\u00f3n de la FDA que incluye una c\u00e1mara de perforaci\u00f3n de tap\u00f3n que admite cuatro tipos de tubos para evitar una posible contaminaci\u00f3n biol\u00f3gica. Adem\u00e1s, gracias a la excelente velocidad de test, los resultados precisos, el software intuitivo y el mantenimiento sencillo, tendr\u00e1 el mejor analizador de su clase.<\/p>\n<hr \/>\n<p>&nbsp;<\/p>\n","protected":false},"featured_media":345,"comment_status":"open","ping_status":"closed","template":"","meta":[],"_links":{"self":[{"href":"https:\/\/corequimicas.com.mx\/index.php\/wp-json\/wp\/v2\/product\/344"}],"collection":[{"href":"https:\/\/corequimicas.com.mx\/index.php\/wp-json\/wp\/v2\/product"}],"about":[{"href":"https:\/\/corequimicas.com.mx\/index.php\/wp-json\/wp\/v2\/types\/product"}],"replies":[{"embeddable":true,"href":"https:\/\/corequimicas.com.mx\/index.php\/wp-json\/wp\/v2\/comments?post=344"}],"wp:featuredmedia":[{"embeddable":true,"href":"https:\/\/corequimicas.com.mx\/index.php\/wp-json\/wp\/v2\/media\/345"}],"wp:attachment":[{"href":"https:\/\/corequimicas.com.mx\/index.php\/wp-json\/wp\/v2\/media?parent=344"}],"curies":[{"name":"wp","href":"https:\/\/api.w.org\/{rel}","templated":true}]}}