{"id":355,"date":"2020-12-08T15:16:48","date_gmt":"2020-12-08T15:16:48","guid":{"rendered":"https:\/\/corequimicas.com.mx\/?post_type=product&#038;p=355"},"modified":"2020-12-08T15:16:51","modified_gmt":"2020-12-08T15:16:51","slug":"bc-6800-mindray","status":"publish","type":"product","link":"https:\/\/corequimicas.com.mx\/index.php\/producto\/bc-6800-mindray\/","title":{"rendered":"BC-6800-Mindray"},"content":{"rendered":"<hr \/>\n<div>\n<p><span id=\"24edd73e-dcb8-9979-cce2-a15aff38b2aa\" class=\"neirongzi0 \">SF Cube es una tecnolog\u00eda innovadora que proporciona an\u00e1lisis fiables de c\u00e9lulas sangu\u00edneas e incluye diferencial WBC, reticulocitos y eritrocitos nucleados con una marcaci\u00f3n eficaz. Tras la reacci\u00f3n con los reactivos \u00fanicos, las c\u00e9lulas sangu\u00edneas son objeto de un an\u00e1lisis en 3D utilizando informaci\u00f3n obtenida mediante dispersi\u00f3n de luz l\u00e1ser a dos \u00e1ngulos diferentes y se\u00f1ales de fluorescencia. El diagrama de dispersi\u00f3n en 3D le permite identificar y diferenciar mejor poblaciones de c\u00e9lulas sangu\u00edneas, especialmente aquellas poblaciones celulares an\u00f3malas que no detectan otras t\u00e9cnicas.<\/span><\/p>\n<\/div>\n<div>\n<p id=\"65691147-3139-6dbf-9572-2575d433dcb2\" class=\" \"><strong>Par\u00e1metros adicionales para mucho m\u00e1s aplicaciones cl\u00ednicas<\/strong><\/p>\n<div>\u00b7 IMG(#,%): par\u00e1metros que proporcionan informaci\u00f3n sobre granulocitos inmaduros, entre los que se incluyen promielocitos, mielocitos y metamielocitos<br \/>\n\u00b7 HFC*(#,%): par\u00e1metros que representan poblaciones celulares de fluorescencia alta, como blastos y linfocitos at\u00edpicos<br \/>\n\u00b7 RET(#,%): constituye una ayuda muy valiosa en el diagn\u00f3stico diferencial o la monitorizaci\u00f3n terap\u00e9utica de las anemias<br \/>\n\u00b7 IRF: par\u00e1metro para reticulocitos inmaduros que puede contribuir al diagn\u00f3stico temprano de la anemia y a la monitorizaci\u00f3n de la respuesta de la m\u00e9dula \u00f3sea a la terapia<br \/>\n\u00b7 InR*(#,%): par\u00e1metros relativos al eritrocito infectado. El plasmodium, causante de la malaria, puede infectar los eritrocitos<br \/>\n* significa par\u00e1metros de investigaci\u00f3n<\/div>\n<div><\/div>\n<\/div>\n<div>\n<p id=\"73da5966-c12c-7469-b790-2d080502cc52\" class=\" \"><strong>Reducci\u00f3n de la interferencia para garantizar resultados m\u00e1s precisos<\/strong><\/p>\n<div>\u00b7 Los eritrocitos nucleados se cuentan en un canal espec\u00edfico mediante el m\u00e9todo de SF Cube, que corrige autom\u00e1ticamente el recuento de leucocitos totales y los resultados del recuento diferencial de leucocitos de 5 partes cuando se detectan eritrocitos nucleados<br \/>\n\u00b7 El m\u00e9todo Focusing Flow-DC reduce las interferencias que suele presentar la tecnolog\u00eda DC, por lo que produce histogramas casi gausianos<br \/>\n\u00b7 El resultado de PLT-O evita la interferencia de eritrocitos microc\u00edticos o fragmentados, macrotrombocitos o c\u00famulos de trombocitos producidos por el tinte fluorescente, y mejora la precisi\u00f3n y la sensibilidad de los resultados<\/div>\n<div><\/div>\n<\/div>\n<div>\n<p id=\"57dd6657-347f-3175-9d3d-9b9040444b39\" class=\" \"><strong>M\u00e1xima automatizaci\u00f3n para reducir la carga de trabajo<\/strong><\/p>\n<div id=\"8361d1d0-6e8d-246b-edf3-a5a4e0d2c89b\" class=\"list ad \">\u00b7 Rendimiento de 125 pruebas\/hora, cargador autom\u00e1tico con capacidad para 100 tubos de muestra<br \/>\n\u00b7 LIS bidireccional con protocolos de comunicaci\u00f3n HL7 o ASTM<br \/>\n\u00b7 Las reglas de repetici\u00f3n de ex\u00e1menes personalizables permiten al usuario definir sus criterios de repetici\u00f3n de ex\u00e1menes en funci\u00f3n de la pr\u00e1ctica de laboratorio.<\/div>\n<div>\n<hr \/>\n<\/div>\n<\/div>\n","protected":false},"excerpt":{"rendered":"<hr \/>\n<p><span style=\"color: #000000;\">Hoy, los laboratorios no solo necesitan an\u00e1lisis CBC tradicionales m\u00e1s fiables y recuentos diferenciales de leucocitos de 5 partes con una alta velocidad de procesamiento, sino que tambi\u00e9n necesitan opciones que mejoren los resultados del analizador y obtengan recuentos de trombocitos fluorescentes, reticulocitos y eritrocitos nucleados etc. para ampliar las aplicaciones cl\u00ednicas y la investigaci\u00f3n. Por otra parte, estos laboratorios deben ajustarse a presupuestos limitados. BC-6800 puede ayudarle a satisfacer estas necesidades a la perfecci\u00f3n e incluso a superar las expectativas.<\/span><\/p>\n<hr \/>\n<p>&nbsp;<\/p>\n","protected":false},"featured_media":356,"comment_status":"open","ping_status":"closed","template":"","meta":[],"_links":{"self":[{"href":"https:\/\/corequimicas.com.mx\/index.php\/wp-json\/wp\/v2\/product\/355"}],"collection":[{"href":"https:\/\/corequimicas.com.mx\/index.php\/wp-json\/wp\/v2\/product"}],"about":[{"href":"https:\/\/corequimicas.com.mx\/index.php\/wp-json\/wp\/v2\/types\/product"}],"replies":[{"embeddable":true,"href":"https:\/\/corequimicas.com.mx\/index.php\/wp-json\/wp\/v2\/comments?post=355"}],"wp:featuredmedia":[{"embeddable":true,"href":"https:\/\/corequimicas.com.mx\/index.php\/wp-json\/wp\/v2\/media\/356"}],"wp:attachment":[{"href":"https:\/\/corequimicas.com.mx\/index.php\/wp-json\/wp\/v2\/media?parent=355"}],"curies":[{"name":"wp","href":"https:\/\/api.w.org\/{rel}","templated":true}]}}