{"id":361,"date":"2020-12-08T15:49:42","date_gmt":"2020-12-08T15:49:42","guid":{"rendered":"https:\/\/corequimicas.com.mx\/?post_type=product&#038;p=361"},"modified":"2020-12-08T15:49:45","modified_gmt":"2020-12-08T15:49:45","slug":"cell-dyn-sapphire-abbott","status":"publish","type":"product","link":"https:\/\/corequimicas.com.mx\/index.php\/producto\/cell-dyn-sapphire-abbott\/","title":{"rendered":"Cell-Dyn Sapphire-Abbott"},"content":{"rendered":"<hr \/>\n<table border=\"0\">\n<tbody>\n<tr>\n<td><strong>Rendimiento m\u00e1ximo (modo de carga autom\u00e1tica)<\/strong><\/td>\n<td colspan=\"2\">Hemograma completo: 105 por hora&nbsp;<\/p>\n<p>Hemograma completo + reticulocitos: 69 por hora<\/td>\n<\/tr>\n<tr>\n<td><strong>Volumen de muestra<\/strong><\/td>\n<td colspan=\"2\">Modo abierto: 120\u00a0\u03bcL, cargador de muestras: 120 \u03bcL<\/td>\n<\/tr>\n<tr>\n<td><strong>Reactivos<\/strong><\/td>\n<td colspan=\"2\">Solo 5 reactivos incluidos reticulocitos<\/td>\n<\/tr>\n<tr>\n<td rowspan=\"5\"><strong>Tecnolog\u00eda<\/strong><\/td>\n<td><strong>Leucocitos y diferencial<\/strong><\/td>\n<td>MAPSS \u00f3ptico de 4\u00a0\u00e1ngulos y citometr\u00eda de flujo de 3\u00a0colores, an\u00e1lisis de m\u00faltiples gr\u00e1ficas de dispersi\u00f3n<\/td>\n<\/tr>\n<tr>\n<td><strong>Eritrocitos nucleados<\/strong><\/td>\n<td>MAPSS \u00f3ptico de 4 \u00e1ngulos y fluorescencia roja; sin reactivo adicional, sin requisitos de pruebas reflejas; an\u00e1lisis de m\u00faltiples gr\u00e1ficas de dispersi\u00f3n<\/td>\n<\/tr>\n<tr>\n<td><strong>Trombocitos<\/strong><\/td>\n<td>An\u00e1lisis \u00f3ptico de doble \u00e1ngulo, sin reactivo adicional, sin requisitos de pruebas reflejas<\/td>\n<\/tr>\n<tr>\n<td><strong>Reticulocitos<\/strong><\/td>\n<td>Citometr\u00eda de flujo fluorescente de ARN patentada, acceso aleatorio y secuencial<\/td>\n<\/tr>\n<tr>\n<td><strong>Anticuerpos monoclonales<\/strong><\/td>\n<td>Reactivo inmunol\u00f3gico de linfocitos T (CD3\/4\/8); ensayo inmunol\u00f3gico de trombocitos (CD61)<\/td>\n<\/tr>\n<tr>\n<td rowspan=\"7\"><strong>Intervalo de visualizaci\u00f3n<\/strong><\/td>\n<td>\u00a0<strong>Leucocitos<\/strong><\/td>\n<td>0,0 a 250,0\u00a0x\u00a010<sup>3<\/sup>\/\u03bcL\u00a0(sin interferencias de hemoglobina)<\/td>\n<\/tr>\n<tr>\n<td><strong>\u00a0Eritrocitos<\/strong><\/td>\n<td>\u00a00,0 a 7,50\u00a0x\u00a010<sup>6<\/sup>\/\u03bcL<\/td>\n<\/tr>\n<tr>\n<td><strong>\u00a0Hemoglobina<\/strong><\/td>\n<td>\u00a01,0 a 25,0\u00a0g\/dl (sin cianuro)<\/td>\n<\/tr>\n<tr>\n<td><strong>\u00a0Volumen corpuscular medio<\/strong><\/td>\n<td>\u00a037,0 a 179\u00a0fl<\/td>\n<\/tr>\n<tr>\n<td><strong>\u00a0Recuento \u00f3ptico de trombocitos<\/strong><\/td>\n<td>\u00a00,0 a 2000,0\u00a0x\u00a010<sup>3<\/sup>\/\u03bcL<\/td>\n<\/tr>\n<tr>\n<td><strong>\u00a0Reticulocitos<\/strong><\/td>\n<td>\u00a00,0 a 1500,0\u00a0x\u00a010<sup>3<\/sup>\/\u03bcL<\/td>\n<\/tr>\n<tr>\n<td><strong>\u00a0Gesti\u00f3n de datos<\/strong><\/td>\n<td>Sistema operativo Linux, almacenamiento de 10\u00a0000 muestras con gr\u00e1ficos, 25\u00a0archivos de control de calidad (CC) cada uno con 120\u00a0puntos de datos. Gr\u00e1ficos de Levey-Jennings. Programas de promedio m\u00f3vil. Reglas de Westgard. Comprobaci\u00f3n de delta. Diferencia pareada. Calibraci\u00f3n autom\u00e1tica. Carga\/Descarga de datos de CC. Validaci\u00f3n autom\u00e1tica basada en reglas. Transferencia de gr\u00e1ficas de dispersi\u00f3n. Varias opciones de impresora.<\/td>\n<\/tr>\n<tr>\n<td><strong>Centro de control del sistema<\/strong><\/td>\n<td colspan=\"2\">\u00a0Monitor en color, teclado y rat\u00f3n<\/td>\n<\/tr>\n<tr>\n<td><strong>Dimensiones<\/strong>&nbsp;<\/p>\n<p><strong>(Al\u00a0x\u00a0An\u00a0x\u00a0Pr)<\/strong><\/td>\n<td colspan=\"2\">30\u00a0x\u00a048\u00a0x\u00a032\u00a0pulg.&nbsp;<\/p>\n<p>76,2\u00a0x\u00a0121,9\u00a0x\u00a081,3\u00a0cm<\/td>\n<\/tr>\n<tr>\n<td><strong>Peso<\/strong><\/td>\n<td colspan=\"2\">375\u00a0lb&nbsp;<\/p>\n<p>170,1\u00a0kg<\/td>\n<\/tr>\n<tr>\n<td><strong>Requisitos el\u00e9ctricos*<\/strong><\/td>\n<td colspan=\"2\">\u00a0100\u00a0\u2013\u00a0240\u00a0V de CA, 47\/63\u00a0Hz<\/td>\n<\/tr>\n<tr>\n<td><strong>Consumo de energ\u00eda m\u00e1ximo*<\/strong><\/td>\n<td colspan=\"2\">\u00a0900\u00a0W<\/td>\n<\/tr>\n<tr>\n<td colspan=\"3\"><em>\u00a0*Solo el analizador<\/em><\/td>\n<\/tr>\n<\/tbody>\n<\/table>\n<p id=\"vodori_input_StampDecorator_4\" data-dojo-type=\"vodori.input.StampDecorator\" data-dojo-props=\"\" data-qa-id=\"vodori.input.StampDecorator dijit._Widget dijit._FocusMixin dijit._OnDijitClickMixin dijit._WidgetBase\">\n<p id=\"vodori_input_StampDecorator_5\" data-dojo-type=\"vodori.input.StampDecorator\" data-dojo-props=\"\" data-qa-id=\"vodori.input.StampDecorator dijit._Widget dijit._FocusMixin dijit._OnDijitClickMixin dijit._WidgetBase\"><strong>Controles y calibradores<\/strong><\/p>\n<div id=\"vodori_input_StampDecorator_6\" class=\"overflow-fix\" data-dojo-type=\"vodori.input.StampDecorator\" data-dojo-props=\"\" data-qa-id=\"vodori.input.StampDecorator dijit._Widget dijit._FocusMixin dijit._OnDijitClickMixin dijit._WidgetBase\">\n<p>Los controles de hematolog\u00eda de CELL-DYN se han analizado a tres niveles (bajo, normal y alto) para responder a las necesidades de control de calidad de su laboratorio. Abbott ofrece informes de monitorizaci\u00f3n del control de la calidad global interlaboratorio por expertos externos.<\/p>\n<table border=\"0\">\n<tbody>\n<tr>\n<td>CONTROL\/CALIBRADOR<\/td>\n<td>ESTABILIDAD<\/td>\n<\/tr>\n<tr>\n<td><strong>CELL-DYN 29 m\u00e1s control (con reticulocitos)<\/strong><\/td>\n<td>Vial abierto: 7\u00a0d\u00edas<\/td>\n<\/tr>\n<tr>\n<td><strong>CELL-DYN HemCal m\u00e1s calibrador<\/strong><\/td>\n<td>Vial abierto: 5\u00a0d\u00edas<\/td>\n<\/tr>\n<\/tbody>\n<\/table>\n<hr \/>\n<p>&nbsp;<\/p>\n<\/div>\n","protected":false},"excerpt":{"rendered":"<hr \/>\n<h6><span style=\"color: #000000;\">LA TECNOLOG\u00cdA MAPSS PATENTADA PROPORCIONA RESULTADOS S\u00d3LIDOS<\/span><\/h6>\n<p><span style=\"color: #000000;\">Nuestra tecnolog\u00eda de separaci\u00f3n por dispersi\u00f3n polarizada multi\u00e1ngulo (Multi Angle Polarized Scatter Separation, MAPSS), disponible \u00fanicamente en los analizadores CELL-DYN, ofrece resultados de leucocitos y diferenciales utilizando mediciones de l\u00e1ser de hasta 20\u00a0000 leucocitos con cuatro \u00e1ngulos de an\u00e1lisis \u00f3ptico en una sola diluci\u00f3n.<\/span><\/p>\n<h6><span style=\"color: #000000;\">MODO EXTENDIDO DE LEUCOCITOS PARA MUESTRAS CR\u00cdTICAS<\/span><\/h6>\n<p><span style=\"color: #000000;\">Incluso en casos en los que el recuento de leucocitos es cr\u00edticamente bajo, puede confiar en el modo extendido de leucocitos para obtener un recuento diferencial de 5 partes.<\/span><\/p>\n<h6><span style=\"color: #000000;\">EFICACIA EN EL LABORATORIO CON \u00daNICAMENTE 4\u00a0\u2013\u00a05 REACTIVOS<\/span><\/h6>\n<p><span style=\"color: #000000;\">Aunque algunos sistemas pueden requerir hasta 12 reactivos para las pruebas est\u00e1ndar, Cell-DYN Sapphire puede ejecutar la mayor\u00eda de pruebas con solo 4\u00a0\u2013\u00a05 reactivos, por lo que aumenta la eficiencia del laboratorio y ayuda a gestionar los costes.<\/span><\/p>\n<h6><span style=\"color: #000000;\">RECUENTO DE ERITROCITOS NUCLEADOS Y RECUENTO \u00d3PTICO DE TROMBOCITOS A LA PRIMERA<\/span><\/h6>\n<p><span style=\"color: #000000;\">El recuento de eritrocitos nucleados notificables y el recuento \u00f3ptico de trombocitos se incluyen con cada hemograma completo sin necesidad de reactivos adicionales. Los erritrocitos nucleados se miden mediante fluorescencia a partir del ADN y no requieren la correcci\u00f3n del recuento de leucocitos. El recuento \u00f3ptico de trombocitos se obtiene mediante an\u00e1lisis con l\u00e1ser de doble \u00e1ngulo. De esta forma, ofrece separaci\u00f3n respecto a los eritrocitos y a otras interferencias, lo que aumenta la confianza en los resultados.<\/span><\/p>\n<h6><span style=\"color: #000000;\">TRANSFUSIONES SEGURAS GRACIAS AL AN\u00c1LISIS DE CD61<\/span><\/h6>\n<p><span style=\"color: #000000;\">Cuando la precisi\u00f3n del l\u00edmite bajo de trombocitos es primordial, los m\u00e9dicos pueden confiar en el an\u00e1lisis de CD61 est\u00e1ndar de referencia que proporciona CELL-DYN Sapphire. Una confirmaci\u00f3n en el momento cr\u00edtico de la toma de una decisi\u00f3n m\u00e9dica garantiza que el paciente reciba la transfusi\u00f3n que necesita.<\/span><\/p>\n<h6><span style=\"color: #000000;\">PANEL CD3\/4\/8 CON ACTIVACI\u00d3N AUTOMATIZADA<\/span><\/h6>\n<p><span style=\"color: #000000;\">CELL-DYN Sapphire tambi\u00e9n puede realizar de forma precisa el panel habitual de citometr\u00eda de flujo CD3\/4\/8 con activaci\u00f3n automatizada. De esta manera, no solo se realiza una prueba especializada dentro de las operaciones rutinarias disponibles previa petici\u00f3n, sino que tambi\u00e9n se libera espacio en el laboratorio de citometr\u00eda de flujo para centrarlo en pruebas m\u00e1s especializadas.<\/span><\/p>\n<h6><span style=\"color: #000000;\">AMPLIACI\u00d3N DEL MEN\u00da CON ENSAYOS MONOCLONALES DE FLUJO ABIERTO<\/span><\/h6>\n<p><span style=\"color: #000000;\">Se pueden a\u00f1adir ensayos de flujo abierto al men\u00fa mediante fluorescencia y dispersi\u00f3n de luz m\u00e1s anticuerpos monoclonales de terceros. Los ensayos de flujo abierto de leucocitos, eritrocitos y\/o trombocitos (solo para su uso en investigaci\u00f3n) ofrecen la flexibilidad de aumentar las ofertas del laboratorio e incluir otras pruebas que, normalmente, requerir\u00edan un laboratorio especializado.<\/span><\/p>\n<h6><span style=\"color: #000000;\">CONFIANZA EN LOS RESULTADOS DE PRUEBAS NORMALES Y ESPECIALIZADAS<\/span><\/h6>\n<p><span style=\"color: #000000;\">CELL-DYN Sapphire ofrece un men\u00fa de pruebas m\u00e1s amplio que el habitual para\u00a0hemogramas completos y permite a los t\u00e9cnicos m\u00e9dicos gestionar una mayor variedad de muestras y de pruebas especializadas.<\/span><\/p>\n<p><span style=\"color: #000000;\">Estas pruebas especializadas pueden realizarse sin necesidad de equipo adicional y con \u00fanicamente 4\u00a0\u2013\u00a05 reactivos, de forma que se mejora la eficiencia de los laboratorios.<\/span><\/p>\n<h6><span style=\"color: #000000;\">UN SOCIO DE CONFIANZA PARA LABORATORIOS INTEGRADOS<\/span><\/h6>\n<p><span style=\"color: #000000;\">CELL-DYN\u00a0Sapphire\u00a0se integra perfectamente con otros sistemas diagn\u00f3sticos de Abbott,\u00a0por lo que es un instrumento \u00f3ptimo para los laboratorios conectados de la actualidad.<\/span><\/p>\n<p><span style=\"color: #000000;\">Tambi\u00e9n podr\u00e1 contar con la empresa y con todas las personas que la forman: Abbott Diagnostics. Ofrecemos\u00a0un completo y proactivo plan de servicio de diagn\u00f3stico, respaldado por nuestros 125 a\u00f1os de historia y una s\u00f3lida estructura de personas, procesos y tecnolog\u00eda que mantendr\u00e1 su sistema de hematolog\u00eda en marcha.<\/span><\/p>\n<hr \/>\n<p>&nbsp;<\/p>\n","protected":false},"featured_media":362,"comment_status":"open","ping_status":"closed","template":"","meta":[],"_links":{"self":[{"href":"https:\/\/corequimicas.com.mx\/index.php\/wp-json\/wp\/v2\/product\/361"}],"collection":[{"href":"https:\/\/corequimicas.com.mx\/index.php\/wp-json\/wp\/v2\/product"}],"about":[{"href":"https:\/\/corequimicas.com.mx\/index.php\/wp-json\/wp\/v2\/types\/product"}],"replies":[{"embeddable":true,"href":"https:\/\/corequimicas.com.mx\/index.php\/wp-json\/wp\/v2\/comments?post=361"}],"wp:featuredmedia":[{"embeddable":true,"href":"https:\/\/corequimicas.com.mx\/index.php\/wp-json\/wp\/v2\/media\/362"}],"wp:attachment":[{"href":"https:\/\/corequimicas.com.mx\/index.php\/wp-json\/wp\/v2\/media?parent=361"}],"curies":[{"name":"wp","href":"https:\/\/api.w.org\/{rel}","templated":true}]}}