{"id":366,"date":"2020-12-09T14:55:48","date_gmt":"2020-12-09T14:55:48","guid":{"rendered":"https:\/\/corequimicas.com.mx\/?post_type=product&#038;p=366"},"modified":"2020-12-09T14:56:57","modified_gmt":"2020-12-09T14:56:57","slug":"vision-hema-pro","status":"publish","type":"product","link":"https:\/\/corequimicas.com.mx\/index.php\/producto\/vision-hema-pro\/","title":{"rendered":"Vision Hema Pro"},"content":{"rendered":"<hr \/>\n<p>Identificaci\u00f3n y preclasificaci\u00f3n de<br \/>\nlas c\u00e9lulas sangu\u00edneas.<br \/>\nValidaci\u00f3n r\u00e1pida de los resultados.<br \/>\nAn\u00e1lisis morfol\u00f3gicos.<br \/>\nEscaneo de series de portaobjetos<br \/>\nsin necesidad de que el operador<br \/>\nest\u00e9 presente constantemente.<br \/>\nCarga de bandejas de portaobjetos.<\/p>\n<hr \/>\n<p>&nbsp;<\/p>\n","protected":false},"excerpt":{"rendered":"<hr \/>\n<p><span style=\"color: #000000;\">La mejor soluci\u00f3n para laboratorios de tama\u00f1o peque\u00f1o y medio.<\/span><\/p>\n<hr \/>\n<p>&nbsp;<\/p>\n","protected":false},"featured_media":367,"comment_status":"open","ping_status":"closed","template":"","meta":[],"_links":{"self":[{"href":"https:\/\/corequimicas.com.mx\/index.php\/wp-json\/wp\/v2\/product\/366"}],"collection":[{"href":"https:\/\/corequimicas.com.mx\/index.php\/wp-json\/wp\/v2\/product"}],"about":[{"href":"https:\/\/corequimicas.com.mx\/index.php\/wp-json\/wp\/v2\/types\/product"}],"replies":[{"embeddable":true,"href":"https:\/\/corequimicas.com.mx\/index.php\/wp-json\/wp\/v2\/comments?post=366"}],"wp:featuredmedia":[{"embeddable":true,"href":"https:\/\/corequimicas.com.mx\/index.php\/wp-json\/wp\/v2\/media\/367"}],"wp:attachment":[{"href":"https:\/\/corequimicas.com.mx\/index.php\/wp-json\/wp\/v2\/media?parent=366"}],"curies":[{"name":"wp","href":"https:\/\/api.w.org\/{rel}","templated":true}]}}