{"id":379,"date":"2020-12-09T15:20:45","date_gmt":"2020-12-09T15:20:45","guid":{"rendered":"https:\/\/corequimicas.com.mx\/?post_type=product&#038;p=379"},"modified":"2020-12-09T15:20:54","modified_gmt":"2020-12-09T15:20:54","slug":"pathogenic-system-ast","status":"publish","type":"product","link":"https:\/\/corequimicas.com.mx\/index.php\/producto\/pathogenic-system-ast\/","title":{"rendered":"Pathogenic System AST"},"content":{"rendered":"<hr \/>\n<ol>\n<li>Diagn\u00f3stico completo<\/li>\n<li>Ahorre tiempo y trabajo con pruebas directas<\/li>\n<li>Resultados en 18-24 horas<\/li>\n<li>Confirmaci\u00f3n con pruebas de aglutinaci\u00f3n de l\u00e1tex<\/li>\n<li>Cambios de color claros y bien definidos<\/li>\n<li>F\u00e1cil interpretaci\u00f3n.<\/li>\n<\/ol>\n<hr \/>\n<p>&nbsp;<\/p>\n","protected":false},"excerpt":{"rendered":"<hr \/>\n<p><span style=\"color: #000000;\">Identificaci\u00f3n y pruebas de susceptibilidad antimicrobiana de los principales microorganismos pat\u00f3genos directamente de muestras cl\u00ednicas.<\/span><\/p>\n<p><span style=\"color: #000000;\"><strong>Muestras cl\u00ednicas<\/strong><\/span><\/p>\n<p><span style=\"color: #000000;\">Hisograma far\u00edngeo, hisopo cut\u00e1neo, hisopo auricular, hisopo oft\u00e1lmico, expectorado, exudados y otras muestras cl\u00ednicas.<\/span><\/p>\n<p><span style=\"color: #000000;\"><strong>Identificaci\u00f3n microbiana directa<\/strong><\/span><\/p>\n<p><span style=\"color: #000000;\">Streptococcus pyogenes (grupo A), Staphylococcus aureus, Haemophylus spp., Neisseria spp., Escherichia coli, Streptococcus agalactiae (grupo B), Klebsiella spp., Enterobacter spp., Serratia spp., Proteus spp., Pseudo sponas. ., Enterococcus spp.\u00a0(grupo D), Candida spp.<\/span><\/p>\n<p><span style=\"color: #000000;\"><strong>Pruebas de susceptibilidad antimicrobiana<\/strong><\/span><\/p>\n<p><span style=\"color: #000000;\">Gentamicina, Netilmicina, Azitromicina, Claritromicina, Amoxicilina-\u00c1cido Clavul\u00e1nico, Ampicilina-Sulbactam, Piperacilina-Tazobactam, Ceftriaxona, Cefoperazona, Ceftazidima, Cefuroxima, Pefloxacina, Levofloxacina, Ofloxaco, Trifaxazo, Trifaxazo, Mifa, Trifaxano, Rifa, Mifa, Trifaxamina, Trifaxamina, Trifaxamina, Trifloxacina.<\/span><\/p>\n<hr \/>\n<p>&nbsp;<\/p>\n","protected":false},"featured_media":380,"comment_status":"open","ping_status":"closed","template":"","meta":[],"_links":{"self":[{"href":"https:\/\/corequimicas.com.mx\/index.php\/wp-json\/wp\/v2\/product\/379"}],"collection":[{"href":"https:\/\/corequimicas.com.mx\/index.php\/wp-json\/wp\/v2\/product"}],"about":[{"href":"https:\/\/corequimicas.com.mx\/index.php\/wp-json\/wp\/v2\/types\/product"}],"replies":[{"embeddable":true,"href":"https:\/\/corequimicas.com.mx\/index.php\/wp-json\/wp\/v2\/comments?post=379"}],"wp:featuredmedia":[{"embeddable":true,"href":"https:\/\/corequimicas.com.mx\/index.php\/wp-json\/wp\/v2\/media\/380"}],"wp:attachment":[{"href":"https:\/\/corequimicas.com.mx\/index.php\/wp-json\/wp\/v2\/media?parent=379"}],"curies":[{"name":"wp","href":"https:\/\/api.w.org\/{rel}","templated":true}]}}