{"id":400,"date":"2020-12-10T16:03:59","date_gmt":"2020-12-10T16:03:59","guid":{"rendered":"https:\/\/corequimicas.com.mx\/?post_type=product&#038;p=400"},"modified":"2020-12-10T16:04:04","modified_gmt":"2020-12-10T16:04:04","slug":"sistema-de-deteccion-molecular-mds","status":"publish","type":"product","link":"https:\/\/corequimicas.com.mx\/index.php\/producto\/sistema-de-deteccion-molecular-mds\/","title":{"rendered":"Sistema de Detecci\u00f3n Molecular MDS"},"content":{"rendered":"<hr \/>\n<div class=\"wpb_text_column wpb_content_element vc_custom_1520540330746\">\n<div class=\"wpb_wrapper\">\n<p><strong>Tecnolog\u00edas \u00fanicas para la detecci\u00f3n de pat\u00f3genos<\/strong><\/p>\n<\/div>\n<\/div>\n<div class=\"wpb_text_column wpb_content_element \">\n<div class=\"wpb_wrapper\">\n<p>Es una poderosa e innovadora combinaci\u00f3n de\u00a0<strong>tecnolog\u00edas \u00fanicas para la detecci\u00f3n de pat\u00f3genos<\/strong>\u00a0que emplea la\u00a0<strong>amplificaci\u00f3n isot\u00e9rmica de \u00e1cidos nucleicos (ADN) + la detecci\u00f3n por bioluminiscencia<\/strong>.<\/p>\n<p><b><i>Los ensayos de detecci\u00f3n molecular MDA2 est\u00e1n disponibles para Salmonella 2; Listeria 2; Listeria monocytogenes 2 Listeria; E. coli 2 O157 (inclusive H7); Cronobacter 2 con resultados en solo 24 hs.<\/i><\/b><\/p>\n<p>Es un sistema compacto, resultado de diversas pruebas aplicadas, en el que cada componente ha sido optimizado para mejorar la productividad, disminuir tiempos de resultados y asegurar la precisi\u00f3n. La combinaci\u00f3n innovadora de tecnolog\u00edas ayuda a incrementar la productividad, liberar los productos r\u00e1pidamente y proteger el negocio y sus ganancias.<\/p>\n<p>Posee una tecnolog\u00eda basada en la amplificaci\u00f3n isot\u00e9rmica y bioluminiscencia; alta especificidad al momento de la detecci\u00f3n; utiliza un solo enriquecimiento y un mismo protocolo para todos los pat\u00f3genos; Permite correr 96 pruebas y distintos pat\u00f3genos a la vez; es un equipo econ\u00f3mico y confiable que ofrece menor repetici\u00f3n de pruebas y a trav\u00e9s de su software, incrementa la productividad del laboratorio y disminuye errores ayudando a tomar decisiones cr\u00edticas r\u00e1pidamente.<\/p>\n<p>El equipo es de dise\u00f1o s\u00f3lido y port\u00e1til, sin necesidad de re calibraci\u00f3n. Ofrece un diagn\u00f3stico autom\u00e1tico al inicio y no posee piezas m\u00f3viles o ventiladores de refrigeraci\u00f3n. No necesita termocicladores, filtros o detectores de fluorescencia costosos y el calentador es extra\u00edble para una f\u00e1cil limpieza y descontaminaci\u00f3n.<\/p>\n<p>Los ensayos de detecci\u00f3n molecular MDA2 est\u00e1n disponibles para Salmonella 2; Listeria 2; Listeria monocytogenes 2 Listeria; E. coli 2 O157 (inclusive H7); Cronobacter 2 con resultados en solo 24 hs.<\/p>\n<hr \/>\n<p>&nbsp;<\/p>\n<\/div>\n<\/div>\n","protected":false},"excerpt":{"rendered":"<hr \/>\n<p class=\"product_title entry-title\"><span style=\"color: #000000;\"><strong>Tecnolog\u00edas \u00fanicas para la detecci\u00f3n de pat\u00f3genos<\/strong><\/span><\/p>\n<p><span style=\"color: #000000;\">Es una poderosa e innovadora combinaci\u00f3n de\u00a0<strong>tecnolog\u00edas \u00fanicas para la detecci\u00f3n de pat\u00f3genos<\/strong>\u00a0que emplea la\u00a0<strong>amplificaci\u00f3n isot\u00e9rmica de \u00e1cidos nucleicos (ADN) + la detecci\u00f3n por bioluminiscencia<\/strong>.<\/span><\/p>\n<p><span style=\"color: #000000;\"><b><i>Los ensayos de detecci\u00f3n molecular MDA2 est\u00e1n disponibles para Salmonella 2; Listeria 2; Listeria monocytogenes 2 Listeria; E. coli 2 O157 (inclusive H7); Cronobacter 2 con resultados en solo 24 hs.<\/i><\/b><\/span><\/p>\n<p><span style=\"color: #000000;\">Es un sistema compacto, resultado de diversas pruebas aplicadas, en el que cada componente ha sido optimizado para mejorar la productividad, disminuir tiempos de resultados y asegurar la precisi\u00f3n. La combinaci\u00f3n innovadora de tecnolog\u00edas ayuda a incrementar la productividad, liberar los productos r\u00e1pidamente y proteger el negocio y sus ganancias.<\/span><\/p>\n<hr \/>\n<p>&nbsp;<\/p>\n","protected":false},"featured_media":401,"comment_status":"open","ping_status":"closed","template":"","meta":[],"_links":{"self":[{"href":"https:\/\/corequimicas.com.mx\/index.php\/wp-json\/wp\/v2\/product\/400"}],"collection":[{"href":"https:\/\/corequimicas.com.mx\/index.php\/wp-json\/wp\/v2\/product"}],"about":[{"href":"https:\/\/corequimicas.com.mx\/index.php\/wp-json\/wp\/v2\/types\/product"}],"replies":[{"embeddable":true,"href":"https:\/\/corequimicas.com.mx\/index.php\/wp-json\/wp\/v2\/comments?post=400"}],"wp:featuredmedia":[{"embeddable":true,"href":"https:\/\/corequimicas.com.mx\/index.php\/wp-json\/wp\/v2\/media\/401"}],"wp:attachment":[{"href":"https:\/\/corequimicas.com.mx\/index.php\/wp-json\/wp\/v2\/media?parent=400"}],"curies":[{"name":"wp","href":"https:\/\/api.w.org\/{rel}","templated":true}]}}